Suppose -2*z = 3*z - 350. Let a be 2 - 2 - (10 + -24). What is the greatest common factor of z and a?
14
Let r(i) = 4*i**2 + 6*i + 9. Suppose -5*z = -4*z - 9. Suppose 0 = -5*s - z - 21. Let c be r(s). What is the greatest common factor of c and 13?
13
Let h = 62 - 53. What is the greatest common divisor of h and 36?
9
Suppose 2*v - 2*p = 6*v - 46, v = 5*p + 17. Let o = -1 - -3. Let d be o*(3 + 0 + 0). What is the greatest common factor of d and v?
6
Suppose 0 = 2*u, 0 = -2*j + 7*j + 2*u - 210. Calculate the highest common factor of 6 and j.
6
Suppose -5*n - 13 = -88. Calculate the greatest common factor of 3 and n.
3
Suppose -5*n = -2*n. Let h = 7 + n. Let p be (-6)/18 - (489/(-9) + -2). What is the highest common divisor of h and p?
7
Let v(y) = y**2 + y. Let d(a) = -6*a**3 + a**2. Let l(f) = -d(f) + v(f). Let r be l(3). What is the greatest common divisor of 15 and r?
15
Let r(x) = x**3 - 12*x**2 + 6*x + 13. Let b be r(11). Let s be b/6*30/(-7). What is the highest common factor of s and 10?
10
Let y = 6 + -8. Let n = y - -6. Suppose -n*r + 34 + 2 = 0. What is the highest common divisor of 6 and r?
3
Let d(h) = -2*h + 9. Let v be d(7). Suppose 2*y = -0*y. Let b = y - v. What is the highest common divisor of b and 45?
5
Let o(m) = m**3 + 2*m**2 + 3. Let c be o(-3). Let i = -3 - c. Suppose -t + 144 = i*t. What is the highest common divisor of 90 and t?
18
Let l(w) = -w + 15. Let s(n) = n + 7. Let a be s(-9). Let v be -1 - (-1 - a) - -2. Let t be l(v). Calculate the highest common factor of 30 and t.
15
Suppose 2*q - 35 = 21. Let c be (0 - 0 - -2) + 5. What is the highest common divisor of q and c?
7
Let f be (-5)/((-15)/9) - 1. Suppose 0 = -f*c - 4*q + 44, -c + 3*q = 3 - 0. What is the highest common divisor of c and 96?
12
Let v(s) = s**3 + s**2 + 48. Let m be v(0). Calculate the highest common divisor of 12 and m.
12
Suppose 3*n = -4*c + 25, 4*n - 23 = -5*c + 3*n. What is the greatest common divisor of 36 and c?
4
Let c(r) = 16*r**2 + 1. Let j be c(-1). What is the greatest common divisor of j and 34?
17
Let l = -2 + 9. Let b be (l/2)/(6/72). Calculate the greatest common factor of 28 and b.
14
Suppose -d = 2*d + 3*o - 15, 10 = 4*d - o. What is the greatest common factor of d and 2?
1
Let v(i) = -54*i**3 + i**2 - i. Let p be v(1). Let d be 56/70 - (-54)/(-5). Let j be p/5*(d + 5). What is the highest common divisor of j and 6?
6
Let j = -32 + 22. Let h be (j/(-15))/(4/162). Suppose 23 = o - 4*q, -o = 4*o + 2*q - h. Calculate the greatest common factor of 7 and o.
7
Suppose -s - 9 = -y - 3*y, 1 = -3*s - y. Let w be s/((-11)/(-6) - 2). What is the highest common divisor of w and 12?
6
Let i be 3/2 - 1425/(-10). What is the greatest common divisor of 18 and i?
18
Suppose 488 = 4*p - 4*n, 4*n - 394 = 4*p - 7*p. Calculate the greatest common factor of 18 and p.
18
Let i = -7 + 12. Suppose -4*a + 22 = 5*l, a - 5*l = -l - i. Calculate the highest common factor of a and 33.
3
Let z be (2/2)/(2/(-10)). Let y = z - -8. Suppose f + 5*b = 56, 5*f - 293 = y*b + 43. What is the highest common factor of f and 6?
6
Suppose 2*y = 21 + 9. Suppose -13*p = -10*p - 360. What is the highest common divisor of p and y?
15
Let a = -37 - -44. What is the highest common divisor of 84 and a?
7
Let r = 55 + -45. What is the greatest common factor of 100 and r?
10
Let t(s) = 3*s**3 - 2*s + 1. Let z be t(1). Let o be (3 + -1)/((-6)/(-156)). Suppose 6*x - o = z*x. Calculate the highest common divisor of 143 and x.
13
Suppose -2*h + 8 = 28. Let k(c) = -c + 12. Let i be k(h). What is the greatest common divisor of 11 and i?
11
Let c be ((-4)/5)/(4/(-80)). Calculate the highest common factor of 144 and c.
16
Let d = -1 - -5. Suppose 0 = d*r - h - 112 - 30, -95 = -3*r - 5*h. Let c be (2 - 1)/((-1)/(-5)). What is the greatest common divisor of r and c?
5
Suppose -3*g + 82 = 5*v - 96, 2*v - 72 = -2*g. What is the greatest common divisor of 14 and v?
7
Suppose 3*q - 38 = -3*x + 2*x, -4*q = -3*x - 42. What is the greatest common factor of 36 and q?
12
Suppose -v + 229 = 5*w, -5*w + 228 = 2*v - 0*v. Let l be (2 + (-73)/2)*-2. What is the highest common divisor of w and l?
23
Suppose -n = 2*n. Suppose -3*b = -2*j - 9, -5*b + 0*b + 25 = n. What is the greatest common divisor of 33 and j?
3
Suppose -480 = -9*q + 4*q. What is the greatest common factor of 24 and q?
24
Let z be (-3)/1 - (-24 + 3). Let t be (-12)/z - (-8)/(-6). Let i be 3 + (1 + t)/1. What is the highest common divisor of 5 and i?
1
Suppose -h + 29 = -4*n + 70, 0 = -n - 2*h + 17. Suppose l = 20 - n. Calculate the greatest common divisor of 27 and l.
9
Let p be 252/(-27)*(-6)/4. Let g be -1 - -1*17 - 2. What is the greatest common divisor of p and g?
14
Let h(p) = p**2 + 2*p + 1. Suppose 0 = -5*w + 8*w + 6. Let i be h(w). What is the highest common divisor of i and 2?
1
Suppose 2*q + 0 - 8 = 0. Suppose 3 = -3*d + q*d. What is the greatest common divisor of d and 1?
1
Suppose 96 = 2*i - 0*i. Calculate the highest common divisor of 6 and i.
6
Suppose t - 22 = 2*n, 7*t - 2*t + 3*n - 136 = 0. Calculate the greatest common factor of t and 13.
13
Let t(q) = -q. Let v be t(-4). Suppose -5*y + 130 = 4*z, 2*y - 3*y = v*z - 26. Calculate the greatest common divisor of 286 and y.
26
Suppose 0*b + 2*b = 180. Suppose 2*a - 7*a + b = 0. Let k(d) = 18*d**3 + d - 1. Let r be k(1). What is the highest common factor of r and a?
18
Suppose -4*c = -0*c - 40. What is the greatest common divisor of c and 110?
10
Suppose 0 = -7*k + 2*k + 40. Calculate the highest common divisor of 32 and k.
8
Let h = 41 + -38. Suppose -3*f + 73 = -4*o, -o = 4*f - 0*o - 110. Calculate the greatest common divisor of f and h.
3
Suppose -4*g + 0 = -12. Suppose -3*s - 5*n = -g*n - 266, -2*s = 5*n - 170. What is the greatest common factor of s and 10?
10
Let s(x) = x + 2. Let h be s(2). Let z be (h/5)/((-4)/50). Let t = z - -22. Calculate the highest common factor of 4 and t.
4
Let t = 34 + -29. What is the highest common factor of 55 and t?
5
Let p = 6 + -4. Suppose -p*k = -1 - 37. Calculate the greatest common divisor of 19 and k.
19
Let x(l) = l**2 + 5*l + 4. Let k be x(-5). Suppose 0 = -0*q + k*q - 20. Let g = 72 - 32. What is the highest common factor of q and g?
5
Let k(t) = 3*t**3 - 3*t**2 + t. Let a be k(2). What is the highest common factor of a and 112?
14
Suppose 0*w + 210 = -5*w. Let c be w/(-18)*(0 + -9). Let r be (-204)/c - 6/(-21). Calculate the highest common divisor of r and 10.
10
Suppose p - 5*y - 18 = -3*p, -5*y - 8 = p. Suppose 4*g + 5*j = g + 26, -17 = -p*g - 3*j. Calculate the greatest common divisor of g and 14.
7
Let n(a) be the first derivative of 7*a**2 - 9*a + 1. Let t be n(7). Suppose -13 + t = 4*w. What is the greatest common divisor of 133 and w?
19
Let m = -2 - -20. Suppose -3*u = -297 + 81. Calculate the greatest common factor of u and m.
18
Suppose -6*v + 3*n = -v - 152, 4*n + 100 = 3*v. What is the greatest common factor of 7 and v?
7
Suppose -4*k - 3*f = -60, -7*f + 2*f = -5*k + 40. Suppose 5*i + t + k = 42, 4*i = 5*t - 5. Calculate the highest common divisor of 5 and i.
5
Suppose 0 = -4*y - 5*g - 13, -3*g = 2*y - 5*g - 16. Suppose j - 2*f - 2 = -0*j, 4*f = 8. What is the greatest common factor of j and y?
3
Let c(q) be the second derivative of q**3/3 + 3*q**2/2 + 3*q. Let p be c(3). What is the greatest common factor of 1 and p?
1
Suppose 3*f + 3*c = 27, 6*c - c = 4*f. Suppose -3 = f*j + 17. Let a be 18*(0 - 6/j). Calculate the greatest common divisor of a and 3.
3
Suppose 0 = 5*w + 3*x - 5*x - 436, 10 = 5*x. What is the greatest common factor of 11 and w?
11
Let y(t) = t**3 - 6*t**2 - 4*t - 5. Suppose -17 = 4*f - 45. Let w be y(f). Calculate the greatest common divisor of 4 and w.
4
Let r(c) = -c**3 - 2*c**2 + 1. Let q be r(-6). Suppose 5*x - 5*t = q, -2*t + 3*t - 2 = 0. What is the greatest common divisor of x and 155?
31
Let p(t) = -t + 13. Let k be p(6). Let q(y) = y - 2. Let v be q(k). Suppose 0*s + 55 = m + v*s, -s - 79 = -m. What is the highest common divisor of m and 30?
15
Suppose 4*h + 0*h - 48 = -5*x, x = 4*h. Calculate the highest common divisor of 4 and x.
4
Suppose n - s - 166 = 0, -5*s + 696 - 206 = 3*n. What is the greatest common divisor of 15 and n?
15
Let p = -17 + 9. Let v(i) = -241*i - 1. Let r be v(-1). 